{"id":5390,"date":"2021-08-06T12:39:14","date_gmt":"2021-08-06T16:39:14","guid":{"rendered":"https:\/\/cesf.cl\/sitio1\/?page_id=5390"},"modified":"2022-01-11T21:07:23","modified_gmt":"2022-01-12T01:07:23","slug":"contenedor-de-circulares-publicadas","status":"publish","type":"page","link":"https:\/\/cesf.cl\/sitio1\/contenedor-de-circulares-publicadas\/","title":{"rendered":"Contenedor de Circulares Publicadas 2021"},"content":{"rendered":"<p>Estimados Padres y Apoderados, a continuaci\u00f3n usted puede acceder a la lectura completa de cada una de las circulares que han sido publicadas en el desarrollo de las actividades escolares del presente a\u00f1o:<\/p>\n<table style=\"border-collapse: collapse; width: 100%;\" border=\"1\">\n<tbody>\n<tr style=\"height: 25px;\">\n<td style=\"width: 25%; height: 25px; background-color: #c7d9b6; vertical-align: top;\">\n<p style=\"text-align: center;\"><span style=\"color: #ff6600;\"><strong>Circular N\u00b01<\/strong><\/span><\/p>\n<p>Informaci\u00f3n entregada por el Ministerio de Educaci\u00f3n, respecto de la vuelta a clases en modo presencial<\/td>\n<td style=\"width: 25%; height: 25px; background-color: #c7d9b6; vertical-align: top;\">\n<p style=\"text-align: center;\"><span style=\"color: #ff6600;\"><strong>Circular N\u00b02<\/strong><\/span><\/p>\n<p>Informa el proceso de clases llevadas cabo en formato mixto (presencial \u2013 online)<\/td>\n<td style=\"width: 25%; height: 25px; background-color: #c7d9b6; vertical-align: top;\">\n<p style=\"text-align: center;\"><strong><span style=\"color: #ff6600;\">Circular N\u00b03<\/span><\/strong><\/p>\n<p>Informa del proceso pedag\u00f3gico y administrativos del a\u00f1o acad\u00e9mico 2021.<\/td>\n<td style=\"width: 25%; height: 25px; background-color: #c7d9b6; vertical-align: top;\">\n<p style=\"text-align: center;\"><strong><span style=\"color: #ff6600;\">Circular N\u00b04<\/span><\/strong><\/p>\n<p><span id=\"page3R_mcid8\" class=\"markedContent\"><span dir=\"ltr\" role=\"presentation\"> Informa<\/span> <span dir=\"ltr\" role=\"presentation\">del proceso pedag\u00f3gico y <\/span><br role=\"presentation\" \/><span dir=\"ltr\" role=\"presentation\">administrativo <\/span><span dir=\"ltr\" role=\"presentation\">del<\/span> <span dir=\"ltr\" role=\"presentation\">periodo abril <\/span><span dir=\"ltr\" role=\"presentation\">202<\/span><\/span>1<\/td>\n<\/tr>\n<tr style=\"height: 43px;\">\n<td style=\"width: 25%; height: 43px;\">\n<p style=\"text-align: center;\"><span style=\"color: #3366ff;\"><a style=\"color: #3366ff;\" href=\"https:\/\/cesf.cl\/sitio1\/2021\/corporacion\/circulares\/Circular%201%20actividades%20febrero%202021-1.pdf\"><strong>Leer\u00a0 Circular 1 <\/strong><\/a><\/span><\/p>\n<\/td>\n<td style=\"width: 25%; height: 43px;\">\n<p style=\"text-align: center;\"><span style=\"color: #3366ff;\"><a style=\"color: #3366ff;\" href=\"https:\/\/cesf.cl\/sitio1\/2021\/corporacion\/circulares\/Circular%202%20actividades%20marzo%202021-1.pdf\"><strong>Leer Circular 2 <\/strong><\/a><\/span><\/p>\n<\/td>\n<td style=\"width: 25%; height: 43px;\">\n<p style=\"text-align: center;\"><span style=\"color: #3366ff;\"><a style=\"color: #3366ff;\" href=\"https:\/\/cesf.cl\/sitio1\/2021\/corporacion\/circulares\/Circular%203%20marzo%202021-1.pdf\"><strong>Leer Circular 3<\/strong><\/a><\/span><\/p>\n<\/td>\n<td style=\"width: 25%; height: 43px;\">\n<p style=\"text-align: center;\"><span style=\"color: #3366ff;\"><strong><a style=\"color: #3366ff;\" href=\"https:\/\/cesf.cl\/sitio1\/2021\/corporacion\/circulares\/Circular%204%20mayo%202021.pdf\">Leer Circular 4<\/a><br \/>\n<\/strong><\/span><\/p>\n<\/td>\n<\/tr>\n<tr style=\"height: 25px;\">\n<td style=\"width: 25%; height: 25px; background-color: #c7d9b6; vertical-align: top;\">\n<p style=\"text-align: center;\"><span style=\"color: #ff6600;\"><strong>Circular N\u00b05<\/strong><\/span><\/p>\n<p>Informa de un cambio de actividades en el proceso curricular, con las razones y fechas que se indican<\/td>\n<td style=\"width: 25%; height: 25px; background-color: #c7d9b6; vertical-align: top;\">\n<p style=\"text-align: center;\"><span style=\"color: #ff6600;\"><strong>Circular N\u00b06<\/strong><\/span><\/p>\n<p>Informa respecto del proceso curricular y evaluativo del presente a\u00f1o acad\u00e9mico<\/td>\n<td style=\"width: 25%; height: 25px; background-color: #c7d9b6; vertical-align: top;\">\n<p style=\"text-align: center;\"><span style=\"color: #ff6600;\"><strong>Circular N\u00b07<\/strong><\/span><\/p>\n<p>Informa de un cambio del proceso de gesti\u00f3n curricular antes del t\u00e9rmino del primer semestre, con la fundamentaci\u00f3n y fechas que se indican<\/td>\n<td style=\"width: 25%; height: 25px; background-color: #c7d9b6; vertical-align: top;\">\n<p style=\"text-align: center;\"><span style=\"color: #ff6600;\"><strong>Circular N\u00b08<\/strong><\/span><\/p>\n<p>Informa de las actividades realizadas y en proceso de los meses de mayo y junio del 2021<\/td>\n<\/tr>\n<tr style=\"height: 43px;\">\n<td style=\"width: 25%; height: 43px;\">\n<p style=\"text-align: center;\"><span style=\"color: #3366ff;\"><a style=\"color: #3366ff;\" href=\"https:\/\/cesf.cl\/sitio1\/2021\/corporacion\/circulares\/CIRCULAR%205%20%20-%20Cambio%20modalidad%20de%20clases%20-%20Mayo.pdf\"><strong>Leer Circular 5 <\/strong><\/a><\/span><\/p>\n<\/td>\n<td style=\"width: 25%; height: 43px;\">\n<p style=\"text-align: center;\"><span style=\"color: #3366ff;\"><a style=\"color: #3366ff;\" href=\"https:\/\/cesf.cl\/sitio1\/2021\/corporacion\/circulares\/CIRCULAR%206%20-%20Proceso%20Curricular%20-%20Convivencia%20Escolar.pdf\"><strong>Leer Circular 6 <\/strong><\/a><\/span><\/p>\n<\/td>\n<td style=\"width: 25%; height: 43px;\">\n<p style=\"text-align: center;\"><span style=\"color: #3366ff;\"><a style=\"color: #3366ff;\" href=\"https:\/\/cesf.cl\/sitio1\/2021\/corporacion\/circulares\/CIRCULAR%207%20actividad%20de%20pausa%20%20pedago%cc%81gica%20asincro%cc%81nica%202.pdf\"><strong>Leer Circular 7 <\/strong><\/a><\/span><\/p>\n<\/td>\n<td style=\"width: 25%; height: 43px;\">\n<p style=\"text-align: center;\"><span style=\"color: #3366ff;\"><a style=\"color: #3366ff;\" href=\"https:\/\/cesf.cl\/sitio1\/2021\/corporacion\/circulares\/CIRCULAR%208%20actividades%20mayo%20-%20junio.pdf\"><strong>Leer Circular 8 <\/strong><\/a><\/span><\/p>\n<\/td>\n<\/tr>\n<tr style=\"height: 25px;\">\n<td style=\"width: 25%; height: 25px; background-color: #c7d9b6; vertical-align: top;\">\n<p style=\"text-align: center;\"><span style=\"color: #ff6600;\"><strong>Circular N\u00b09<\/strong><\/span><\/p>\n<p>Informa de las actividades realizadas y en proceso de los meses de junio &#8211; julio del 2021.<\/td>\n<td style=\"width: 25%; height: 25px; background-color: #c7d9b6; vertical-align: top;\">\n<p style=\"text-align: center;\"><span style=\"color: #ff6600;\"><strong>Circular N\u00b010<\/strong><\/span><\/p>\n<p>Informa lo siguiente con respecto a la vuelta a clases presenciales del segundo semestre<\/td>\n<td style=\"width: 25%; height: 25px; background-color: #c7d9b6; vertical-align: top;\">\n<p style=\"text-align: center;\"><span style=\"color: #ff6600;\"><strong>Circular N\u00b011<\/strong><\/span><\/p>\n<p>Entrega antecedentes para la activaci\u00f3n del nuevo plan de funcionamiento pedag\u00f3gico del segundo semestre del 2021.<\/td>\n<td style=\"width: 25%; height: 25px; background-color: #c7d9b6; vertical-align: top;\">\n<p style=\"text-align: center;\"><span style=\"color: #ff6600;\"><strong>Circular N\u00b012<\/strong><\/span><\/p>\n<p>Indica que se ha efectuado en modalidad Asincr\u00f3nica.<\/td>\n<\/tr>\n<tr style=\"height: 25px;\">\n<td style=\"width: 25%; height: 25px;\">\n<p style=\"text-align: center;\"><span style=\"color: #3366ff;\"><a style=\"color: #3366ff;\" href=\"https:\/\/cesf.cl\/sitio1\/2021\/corporacion\/circulares\/CIRCULAR%209%20actividades%20Junio%20-%20Julio%20MODIF%20FIN.pdf\"><strong>Leer Circular 9 <\/strong><\/a><\/span><\/p>\n<\/td>\n<td style=\"width: 25%; height: 25px;\">\n<p style=\"text-align: center;\"><span style=\"color: #3366ff;\"><a style=\"color: #3366ff;\" href=\"https:\/\/cesf.cl\/sitio1\/2021\/corporacion\/circulares\/CIRCULAR%2010%20-%20suspensio%cc%80n%20clases%20presenciales.pdf\"><strong>Leer Circular 10<\/strong><\/a><\/span><\/p>\n<\/td>\n<td style=\"width: 25%; height: 25px;\">\n<p style=\"text-align: center;\"><span style=\"color: #3366ff;\"><a style=\"color: #3366ff;\" href=\"https:\/\/cesf.cl\/sitio1\/2021\/corporacion\/circulares\/CIRCULAR%2011%20-%20Antecedentes%20plan%20%20de%20funcionamiento%20pedago%cc%81gico.pdf\"><strong>Leer Circular 11<\/strong><\/a><\/span><\/p>\n<\/td>\n<td style=\"width: 25%; height: 25px; text-align: center;\"><strong><a href=\"https:\/\/cesf.cl\/sitio1\/2021\/corporacion\/circulares\/CIRCULAR%20INFORMATIVA%20012%20INFORM%20A%20CONSEJO%20TE%cc%81CNICO%20PRESENCIAL.pdf\"><span style=\"color: #3366ff;\">Leer Circular 12<\/span><\/a><\/strong><\/td>\n<\/tr>\n<tr style=\"background-color: #c7d9b6;\">\n<td style=\"width: 25%;\">\n<p style=\"text-align: center;\"><span style=\"color: #ff6600;\"><strong>Circular N\u00b013<\/strong><\/span><\/p>\n<p>Informa entrega de antecedentes para la continuaci\u00f3n el proceso paso a paso de funcionamiento pedag\u00f3gico del segundo semestre del 2021.<\/p>\n<p style=\"text-align: center;\"><span style=\"color: #3366ff;\"><strong>\u00a0<\/strong><\/span><\/p>\n<\/td>\n<td style=\"width: 25%; text-align: left; vertical-align: top;\">\n<p style=\"text-align: center;\"><span style=\"color: #ff6600;\"><strong>Circular N\u00b014<\/strong><\/span><\/p>\n<p style=\"text-align: left;\">Informa antecedentes respecto del PROCESO DE VACUNACI\u00d3N establecido por la autoridad sanitaria del pa\u00eds. Contiene circular interna y documento autoridad sanitaria.<\/p>\n<\/td>\n<td style=\"width: 25%; text-align: left; vertical-align: top;\">\n<p style=\"text-align: center;\"><span style=\"color: #ff6600;\"><strong>Circular N\u00b015<\/strong><\/span><\/p>\n<p>Entrega antecedentes acerca de actividades a realizar el d\u00eda 18 de Octubre en dependencias de nuestro establecimiento<\/td>\n<td style=\"width: 25%; text-align: left; vertical-align: top;\">\n<p style=\"text-align: center;\"><span style=\"color: #ff6600;\"><strong>Circular N\u00b016<\/strong><\/span><\/p>\n<p>Informa modificaciones al proceso de vacunaci\u00f3n<\/td>\n<\/tr>\n<tr>\n<td style=\"width: 25%;\">\n<p style=\"text-align: center;\"><span style=\"color: #0000ff;\"><strong><a href=\"https:\/\/cesf.cl\/sitio1\/2021\/corporacion\/circulares\/CIRCULAR%2013%20-%20presencialidad%20%20de%20bna%cc%81sica%20(5%20y%206%20ba%cc%81sico).pdf\"><span style=\"color: #0000ff;\">Leer Circular 13<\/span><\/a> <\/strong><\/span><\/p>\n<\/td>\n<td style=\"width: 25%;\">\n<p style=\"text-align: center;\"><span style=\"color: #3366ff;\"><strong><span style=\"color: #0000ff;\"><a style=\"color: #0000ff;\" href=\"https:\/\/cesf.cl\/sitio1\/2021\/09\/29\/informa-circular-n14-proceso-de-vacunacion\/\">Leer Circular 14<\/a><\/span><br \/>\n<\/strong><\/span><\/p>\n<\/td>\n<td style=\"width: 25%;\">\n<p style=\"text-align: center;\"><span style=\"color: #3366ff;\"><strong><span style=\"color: #0000ff;\"><a style=\"color: #0000ff;\" href=\"https:\/\/cesf.cl\/sitio1\/2021\/corporacion\/circulares\/CIRCULAR%2015%20-%20Presencialidad%203%c2%b0%20y%204%c2%b0%20ba%cc%81sico.pdf\">\u00a0Leer circular 15<\/a><\/span><br \/>\n<\/strong><\/span><\/p>\n<\/td>\n<td style=\"width: 25%; text-align: center;\"><span style=\"color: #0000ff;\"><strong><a style=\"color: #0000ff;\" href=\"https:\/\/cesf.cl\/sitio1\/2021\/corporacion\/circulares\/CIRCULAR%2016%20-%20proceso%20de%20vacunacio%cc%81n%20modificacio%cc%81n.pdf\">Leer circular 16<\/a><br \/>\n<\/strong><\/span><\/td>\n<\/tr>\n<tr style=\"background-color: #c7d9b6;\">\n<td style=\"width: 25%;\">\n<p style=\"text-align: center;\"><span style=\"color: #ff6600;\"><strong>Circular N\u00b017<\/strong><\/span><\/p>\n<p>Informa\u00a0 calendarizaci\u00f3n del proceso de clases hasta el fin del presente a\u00f1o escolar<\/p>\n<p style=\"text-align: center;\"><span style=\"color: #0000ff;\"><strong><span style=\"color: #0000ff;\">\u00a0<\/span><\/strong><\/span><\/p>\n<\/td>\n<td style=\"width: 25%; vertical-align: top;\">\n<p style=\"text-align: center;\"><span style=\"color: #ff6600;\"><strong>Circular N\u00b017<\/strong><\/span><\/p>\n<p style=\"text-align: center;\"><span style=\"color: #3366ff;\"><span style=\"color: #666699;\">Entrega antecedentes respecto de la calendarizaci\u00f3n del proceso de clases hasta final de a\u00f1o <\/span><strong><span style=\"color: #0000ff;\"><br \/>\n<\/span><\/strong><\/span><\/p>\n<\/td>\n<td style=\"width: 25%;\">\n<p style=\"text-align: center;\"><span style=\"color: #ff6600;\"><strong>Circular N\u00b017<\/strong><\/span><\/p>\n<p style=\"text-align: left;\"><span style=\"color: #999999;\"><span style=\"color: #666699;\">Contiene informaci\u00f3n a\u00f1o lectivo 2022 <\/span><br \/>\n<\/span><\/p>\n<\/td>\n<td style=\"width: 25%; text-align: center;\"><span style=\"color: #0000ff;\"><strong>\u00a0<\/strong><\/span><\/td>\n<\/tr>\n<tr>\n<td style=\"width: 25%;\">\n<p style=\"text-align: center;\"><span style=\"color: #0000ff;\"><strong><span style=\"color: #0000ff;\"><a style=\"color: #0000ff;\" href=\"https:\/\/cesf.cl\/sitio1\/2021\/corporacion\/circulares\/CIRCULAR%2017%20-%20PROCESOS%20DE%20CLASES%20-%20INFORMACIO%cc%81N%20VARIAS.pdf\">Leer circular 17<\/a><br \/>\n<\/span><\/strong><\/span><\/p>\n<\/td>\n<td style=\"width: 25%;\">\n<p style=\"text-align: center;\"><span style=\"color: #3366ff;\"><strong><span style=\"color: #0000ff;\"><a style=\"color: #0000ff;\" href=\"https:\/\/cesf.cl\/sitio1\/2021\/corporacion\/circulares\/CIRCULAR%2018%20-%20PROCESOS%20DE%20CLASES%20-%20FULLCOLLEGE.pdf\">Leer Circular 18<\/a><br \/>\n<\/span><\/strong><\/span><\/p>\n<\/td>\n<td style=\"width: 25%;\">\n<p style=\"text-align: center;\"><span style=\"color: #3366ff;\"><strong><span style=\"color: #0000ff;\"><a href=\"https:\/\/cesf.cl\/sitio1\/2021\/corporacion\/circulares\/2022\/circular%20001%202022.pdf\">Leer Circular 1 a\u00f1o 2022<\/a><br \/>\n<\/span><\/strong><\/span><\/p>\n<\/td>\n<td style=\"width: 25%; text-align: center;\"><span style=\"color: #0000ff;\"><strong>\u00a0<\/strong><\/span><\/td>\n<\/tr>\n<\/tbody>\n<\/table>\n<p>La Direcci\u00f3n<\/p>\n<p>&nbsp;<\/p>\n","protected":false},"excerpt":{"rendered":"<p>Estimados Padres y Apoderados, a continuaci\u00f3n usted puede acceder a la lectura completa de cada una de las circulares que han sido publicadas en el desarrollo de las actividades escolares del presente a\u00f1o: Circular N\u00b01 Informaci\u00f3n entregada por el Ministerio de Educaci\u00f3n, respecto de la vuelta a clases en modo presencial Circular N\u00b02 Informa el&hellip;<\/p>\n","protected":false},"author":1,"featured_media":0,"parent":0,"menu_order":0,"comment_status":"closed","ping_status":"closed","template":"","meta":{"footnotes":""},"class_list":["post-5390","page","type-page","status-publish","hentry"],"_links":{"self":[{"href":"https:\/\/cesf.cl\/sitio1\/wp-json\/wp\/v2\/pages\/5390","targetHints":{"allow":["GET"]}}],"collection":[{"href":"https:\/\/cesf.cl\/sitio1\/wp-json\/wp\/v2\/pages"}],"about":[{"href":"https:\/\/cesf.cl\/sitio1\/wp-json\/wp\/v2\/types\/page"}],"author":[{"embeddable":true,"href":"https:\/\/cesf.cl\/sitio1\/wp-json\/wp\/v2\/users\/1"}],"replies":[{"embeddable":true,"href":"https:\/\/cesf.cl\/sitio1\/wp-json\/wp\/v2\/comments?post=5390"}],"version-history":[{"count":37,"href":"https:\/\/cesf.cl\/sitio1\/wp-json\/wp\/v2\/pages\/5390\/revisions"}],"predecessor-version":[{"id":5795,"href":"https:\/\/cesf.cl\/sitio1\/wp-json\/wp\/v2\/pages\/5390\/revisions\/5795"}],"wp:attachment":[{"href":"https:\/\/cesf.cl\/sitio1\/wp-json\/wp\/v2\/media?parent=5390"}],"curies":[{"name":"wp","href":"https:\/\/api.w.org\/{rel}","templated":true}]}}