{"id":16,"date":"2012-11-05T22:49:26","date_gmt":"2012-11-05T22:49:26","guid":{"rendered":"http:\/\/cesf.cl\/wordpress\/?page_id=16"},"modified":"2018-03-04T00:14:10","modified_gmt":"2018-03-04T00:14:10","slug":"mision","status":"publish","type":"page","link":"https:\/\/cesf.cl\/sitio1\/quienes-somos\/mision\/","title":{"rendered":"Misi\u00f3n"},"content":{"rendered":"<p>Preparar a nuestros alumnos con los conocimientos, las habilidades y los principios necesarios para ingresar a la Educaci\u00f3n Superior, y as\u00ed convertirse en miembro de una sociedad democr\u00e1tica y diversa.<\/p>\n","protected":false},"excerpt":{"rendered":"<p>Preparar a nuestros alumnos con los conocimientos, las habilidades y los principios necesarios para ingresar a la Educaci\u00f3n Superior, y as\u00ed convertirse en miembro de una sociedad democr\u00e1tica y diversa.<\/p>\n","protected":false},"author":1,"featured_media":0,"parent":1387,"menu_order":0,"comment_status":"closed","ping_status":"closed","template":"","meta":{"footnotes":""},"class_list":["post-16","page","type-page","status-publish","hentry"],"_links":{"self":[{"href":"https:\/\/cesf.cl\/sitio1\/wp-json\/wp\/v2\/pages\/16","targetHints":{"allow":["GET"]}}],"collection":[{"href":"https:\/\/cesf.cl\/sitio1\/wp-json\/wp\/v2\/pages"}],"about":[{"href":"https:\/\/cesf.cl\/sitio1\/wp-json\/wp\/v2\/types\/page"}],"author":[{"embeddable":true,"href":"https:\/\/cesf.cl\/sitio1\/wp-json\/wp\/v2\/users\/1"}],"replies":[{"embeddable":true,"href":"https:\/\/cesf.cl\/sitio1\/wp-json\/wp\/v2\/comments?post=16"}],"version-history":[{"count":1,"href":"https:\/\/cesf.cl\/sitio1\/wp-json\/wp\/v2\/pages\/16\/revisions"}],"predecessor-version":[{"id":1761,"href":"https:\/\/cesf.cl\/sitio1\/wp-json\/wp\/v2\/pages\/16\/revisions\/1761"}],"up":[{"embeddable":true,"href":"https:\/\/cesf.cl\/sitio1\/wp-json\/wp\/v2\/pages\/1387"}],"wp:attachment":[{"href":"https:\/\/cesf.cl\/sitio1\/wp-json\/wp\/v2\/media?parent=16"}],"curies":[{"name":"wp","href":"https:\/\/api.w.org\/{rel}","templated":true}]}}